94780 is divided by 464.
380
Calculate the remainder when 27536162 is divided by 13768054.
54
What is the remainder when 6557 is divided by 3707?
2850
What is the remainder when 291064 is divided by 18185?
104
What is the remainder when 57092389 is divided by 14273091?
25
What is the remainder when 999314 is divided by 497568?
4178
What is the remainder when 1558483357 is divided by 35?
32
Calculate the remainder when 130868 is divided by 16328.
244
Calculate the remainder when 8313 is divided by 3558.
1197
Calculate the remainder when 27422 is divided by 1187.
121
Calculate the remainder when 187851 is divided by 8682.
5529
Calculate the remainder when 37032126 is divided by 1262.
1260
What is the remainder when 4480 is divided by 708?
232
Calculate the remainder when 363122 is divided by 18153.
62
Calculate the remainder when 1180680 is divided by 128.
8
What is the remainder when 17512 is divided by 278?
276
What is the remainder when 42946613 is divided by 115?
93
Calculate the remainder when 1196098 is divided by 22565.
153
What is the remainder when 528537 is divided by 176172?
21
What is the remainder when 176386 is divided by 29362?
214
What is the remainder when 196622060 is divided by 13?
11
Calculate the remainder when 2624112 is divided by 1312051.
10
Calculate the remainder when 71839 is divided by 4011.
3652
What is the remainder when 7061216 is divided by 12?
8
Calculate the remainder when 13329574 is divided by 459637.
101
What is the remainder when 8335045 is divided by 8?
5
Calculate the remainder when 90693 is divided by 485.
483
What is the remainder when 151254 is divided by 2654?
2630
What is the remainder when 3381806 is divided by 1127254?
44
What is the remainder when 5690 is divided by 4188?
1502
Calculate the remainder when 14542433 is divided by 25.
8
What is the remainder when 307177 is divided by 305016?
2161
Calculate the remainder when 6749338 is divided by 1687322.
50
What is the remainder when 1202376 is divided by 133597?
3
What is the remainder when 1497210 is divided by 3?
0
What is the remainder when 1513107 is divided by 5655?
3222
Calculate the remainder when 38997890 is divided by 921.
908
What is the remainder when 281477946 is divided by 4477?
2
Calculate the remainder when 832418 is divided by 17.
13
What is the remainder when 135742 is divided by 2055?
112
What is the remainder when 2519959 is divided by 17?
15
What is the remainder when 22020581 is divided by 1236?
5
What is the remainder when 8594564 is divided by 3842?
10
What is the remainder when 75168 is divided by 74745?
423
What is the remainder when 3969711 is divided by 309?
297
What is the remainder when 166670 is divided by 5706?
1196
What is the remainder when 174206 is divided by 6509?
4972
Calculate the remainder when 28533843 is divided by 23.
20
Calculate the remainder when 49632 is divided by 937.
908
Calculate the remainder when 337164 is divided by 112353.
105
Calculate the remainder when 309824597 is divided by 51637431.
11
What is the remainder when 287365 is divided by 2113?
2110
What is the remainder when 289530 is divided by 144718?
94
What is the remainder when 1526587 is divided by 63605?
67
Calculate the remainder when 416926 is divided by 83366.
96
What is the remainder when 886131 is divided by 54?
45
What is the remainder when 51275 is divided by 16937?
464
Calculate the remainder when 8553851 is divided by 5431.
26
What is the remainder when 68816 is divided by 481?
33
What is the remainder when 289806 is divided by 322?
6
What is the remainder when 64143 is divided by 241?
37
Calculate the remainder when 44565 is divided by 3711.
33
Calculate the remainder when 58919 is divided by 1071.
14
What is the remainder when 617661 is divided by 154399?
65
Calculate the remainder when 4517 is divided by 2916.
1601
Calculate the remainder when 52484684 is divided by 16422.
16394
Calculate the remainder when 593002 is divided by 18.
10
What is the remainder when 31925 is divided by 1387?
24
Calculate the remainder when 185039 is divided by 2029.
400
What is the remainder when 398680 is divided by 131545?
4045
Calculate the remainder when 3030720 is divided by 2411.
93
What is the remainder when 8589594 is divided by 67106?
26
What is the remainder when 117178718 is divided by 2219?
2204
Calculate the remainder when 5878843 is divided by 6711.
7
Calculate the remainder when 53979378 is divided by 414.
402
What is the remainder when 2829450 is divided by 1405?
1185
What is the remainder when 226366 is divided by 802?
202
Calculate the remainder when 642604 is divided by 428.
176
Calculate the remainder when 2049952 is divided by 2049804.
148
Calculate the remainder when 115105 is divided by 57087.
931
Calculate the remainder when 106262 is divided by 824.
790
Calculate the remainder when 14890 is divided by 652.
546
What is the remainder when 254538 is divided by 4532?
746
Calculate the remainder when 585790 is divided by 742.
352
Calculate the remainder when 3252046 is divided by 2867.
868
What is the remainder when 295689 is divided by 295552?
137
Calculate the remainder when 421400 is divided by 28084.
140
Calculate the remainder when 2170786 is divided by 1085323.
140
What is the remainder when 736606 is divided by 1364?
46
What is the remainder when 41343457 is divided by 2618?
1
Calculate the remainder when 215898 is divided by 107842.
214
Calculate the remainder when 178208 is divided by 469.
457
What is the remainder when 73946 is divided by 17319?
4670
What is the remainder when 2088986 is divided by 18?
14
What is the remainder when 7626369 is divided by 31?
28
Calculate the remainder when 14701718 is divided by 55.
53
What is the remainder when 369592420 is divided by 30799368?
4
Calculate the remainder when 672556 is divided by 112066.
160
What is the remainder when 51063 is divided by 4505?
1508
Calculate the remainder when 120363 is divided by 144.
123
What is the remainder when 56370 is divided by 38?
16
Calculate the remainder when 5298933 is divided by 2957.
2946
Calculate the remainder when 6947835 is divided by 1923.
36
What is the remainder when 3248018 is divided by 2383?
2372
Calculate the remainder when 3401087 is divided by 51.
50
What is the remainder when 254303 is divided by 127128?
47
Calculate the remainder when 14228 is divided by 858.
500
Calculate the remainder when 5219344 is divided by 2172.
28
Calculate the remainder when 67236 is divided by 65901.
1335
Calculate the remainder when 3336759 is divided by 5773.
5738
Calculate the remainder when 1509351 is divided by 1509334.
17
Calculate the remainder when 6367215 is divided by 143.
140
Calculate the remainder when 2948966 is divided by 1156.
10
What is the remainder when 32520 is divided by 6987?
4572
What is the remainder when 10290792 is divided by 1029065?
142
What is the remainder when 719979971 is divided by 825?
821
Calculate the remainder when 271166 is divided by 271055.
111
Calculate the remainder when 140509 is divided by 45.
19
What is the remainder when 102440060 is divided by 16?
12
Calculate the remainder when 7844096 is divided by 871566.
2
Calculate the remainder when 26474078 is divided by 2882.
26
Calculate the remainder when 3808583 is divided by 10.
3
What is the remainder when 836157 is divided by 208971?
273
What is the remainder when 4602 is divided by 1226?
924
What is the remainder when 599131 is divided by 599114?
17
Calculate the remainder when 5007055 is divided by 33.
31
Calculate the remainder when 1948802 is divided by 54133.
14
Calculate the remainder when 408137 is divided by 10697.
1651
What is the remainder when 280047 is divided by 34978?
223
What is the remainder when 30567797 is divided by 279?
278
What is the remainder when 1465369 is divided by 1465361?
8
Calculate the remainder when 126318430 is divided by 3676.
42
What is the remainder when 126220 is divided by 335?
260
Calculate the remainder when 49909352 is divided by 1276.
1164
What is the remainder when 3554711 is divided by 36?
35
What is the remainder when 13331345 is divided by 70?
55
What is the remainder when 1015165 is divided by 309?
100
Calculate the remainder when 20617315 is divided by 925.
915
What is the remainder when 1855323 is div